{"id":720,"date":"2024-10-02T21:31:05","date_gmt":"2024-10-03T00:31:05","guid":{"rendered":"https:\/\/jdnengenharia.com.br\/reformas\/?page_id=720"},"modified":"2024-10-04T13:20:28","modified_gmt":"2024-10-04T16:20:28","slug":"projeto-hotel-gale-centro-rio","status":"publish","type":"page","link":"https:\/\/jdnengenharia.com.br\/reformas\/projetos\/projeto-hotel-gale-centro-rio\/","title":{"rendered":"Projeto Hotel Gal\u00e9 Centro Rio"},"content":{"rendered":"\t\t<div data-elementor-type=\"wp-page\" data-elementor-id=\"720\" class=\"elementor elementor-720\">\n\t\t\t\t<div class=\"elementor-element elementor-element-2725f591 e-flex e-con-boxed e-con e-parent\" data-id=\"2725f591\" data-element_type=\"container\">\n\t\t\t\t\t<div class=\"e-con-inner\">\n\t\t\t\t<div class=\"elementor-element elementor-element-7ef4cfc0 elementor-widget elementor-widget-text-editor\" data-id=\"7ef4cfc0\" data-element_type=\"widget\" data-widget_type=\"text-editor.default\">\n\t\t\t\t<div class=\"elementor-widget-container\">\n\t\t\t\t\t\t\t\t\tProjeto Hotel Gal\u00e9 Centro Rio\t\t\t\t\t\t\t\t<\/div>\n\t\t\t\t<\/div>\n\t\t\t\t\t<\/div>\n\t\t\t\t<\/div>\n\t\t<div class=\"elementor-element elementor-element-7b011b9 e-flex e-con-boxed e-con e-parent\" data-id=\"7b011b9\" data-element_type=\"container\">\n\t\t\t\t\t<div class=\"e-con-inner\">\n\t\t\t\t<div class=\"elementor-element elementor-element-435c48a elementor-widget elementor-widget-n-accordion\" data-id=\"435c48a\" data-element_type=\"widget\" data-settings=\"{&quot;default_state&quot;:&quot;expanded&quot;,&quot;max_items_expended&quot;:&quot;one&quot;,&quot;n_accordion_animation_duration&quot;:{&quot;unit&quot;:&quot;ms&quot;,&quot;size&quot;:400,&quot;sizes&quot;:[]}}\" data-widget_type=\"nested-accordion.default\">\n\t\t\t\t<div class=\"elementor-widget-container\">\n\t\t\t\t\t\t\t<div class=\"e-n-accordion\" aria-label=\"Accordion. Open links with Enter or Space, close with Escape, and navigate with Arrow Keys\">\n\t\t\t\t\t\t<details id=\"e-n-accordion-item-7060\" class=\"e-n-accordion-item\" open>\n\t\t\t\t<summary class=\"e-n-accordion-item-title\" data-accordion-index=\"1\" tabindex=\"0\" aria-expanded=\"true\" aria-controls=\"e-n-accordion-item-7060\" >\n\t\t\t\t\t<span class='e-n-accordion-item-title-header'><div class=\"e-n-accordion-item-title-text\"> Servi\u00e7os executados  <\/div><\/span>\n\t\t\t\t\t\t\t<span class='e-n-accordion-item-title-icon'>\n\t\t\t<span class='e-opened' ><svg aria-hidden=\"true\" class=\"e-font-icon-svg e-fas-minus\" viewBox=\"0 0 448 512\" xmlns=\"http:\/\/www.w3.org\/2000\/svg\"><path d=\"M416 208H32c-17.67 0-32 14.33-32 32v32c0 17.67 14.33 32 32 32h384c17.67 0 32-14.33 32-32v-32c0-17.67-14.33-32-32-32z\"><\/path><\/svg><\/span>\n\t\t\t<span class='e-closed'><svg aria-hidden=\"true\" class=\"e-font-icon-svg e-fas-plus\" viewBox=\"0 0 448 512\" xmlns=\"http:\/\/www.w3.org\/2000\/svg\"><path d=\"M416 208H272V64c0-17.67-14.33-32-32-32h-32c-17.67 0-32 14.33-32 32v144H32c-17.67 0-32 14.33-32 32v32c0 17.67 14.33 32 32 32h144v144c0 17.67 14.33 32 32 32h32c17.67 0 32-14.33 32-32V304h144c17.67 0 32-14.33 32-32v-32c0-17.67-14.33-32-32-32z\"><\/path><\/svg><\/span>\n\t\t<\/span>\n\n\t\t\t\t\t\t<\/summary>\n\t\t\t\t<div role=\"region\" aria-labelledby=\"e-n-accordion-item-7060\" class=\"elementor-element elementor-element-ab599d2 e-con-full e-flex e-con e-child\" data-id=\"ab599d2\" data-element_type=\"container\">\n\t\t\t\t<div class=\"elementor-element elementor-element-c6a08f8 elementor-widget elementor-widget-text-editor\" data-id=\"c6a08f8\" data-element_type=\"widget\" data-widget_type=\"text-editor.default\">\n\t\t\t\t<div class=\"elementor-widget-container\">\n\t\t\t\t\t\t\t\t\t<p>Recupera\u00e7\u00e3o, reforma e pintura de fachada.<\/p>\t\t\t\t\t\t\t\t<\/div>\n\t\t\t\t<\/div>\n\t\t\t\t<\/div>\n\t\t\t\t\t<\/details>\n\t\t\t\t\t\t<details id=\"e-n-accordion-item-7061\" class=\"e-n-accordion-item\" >\n\t\t\t\t<summary class=\"e-n-accordion-item-title\" data-accordion-index=\"2\" tabindex=\"-1\" aria-expanded=\"false\" aria-controls=\"e-n-accordion-item-7061\" >\n\t\t\t\t\t<span class='e-n-accordion-item-title-header'><div class=\"e-n-accordion-item-title-text\"> Local e data da execu\u00e7\u00e3o da obra <\/div><\/span>\n\t\t\t\t\t\t\t<span class='e-n-accordion-item-title-icon'>\n\t\t\t<span class='e-opened' ><svg aria-hidden=\"true\" class=\"e-font-icon-svg e-fas-minus\" viewBox=\"0 0 448 512\" xmlns=\"http:\/\/www.w3.org\/2000\/svg\"><path d=\"M416 208H32c-17.67 0-32 14.33-32 32v32c0 17.67 14.33 32 32 32h384c17.67 0 32-14.33 32-32v-32c0-17.67-14.33-32-32-32z\"><\/path><\/svg><\/span>\n\t\t\t<span class='e-closed'><svg aria-hidden=\"true\" class=\"e-font-icon-svg e-fas-plus\" viewBox=\"0 0 448 512\" xmlns=\"http:\/\/www.w3.org\/2000\/svg\"><path d=\"M416 208H272V64c0-17.67-14.33-32-32-32h-32c-17.67 0-32 14.33-32 32v144H32c-17.67 0-32 14.33-32 32v32c0 17.67 14.33 32 32 32h144v144c0 17.67 14.33 32 32 32h32c17.67 0 32-14.33 32-32V304h144c17.67 0 32-14.33 32-32v-32c0-17.67-14.33-32-32-32z\"><\/path><\/svg><\/span>\n\t\t<\/span>\n\n\t\t\t\t\t\t<\/summary>\n\t\t\t\t<div role=\"region\" aria-labelledby=\"e-n-accordion-item-7061\" class=\"elementor-element elementor-element-7d0ec92 e-con-full e-flex e-con e-child\" data-id=\"7d0ec92\" data-element_type=\"container\">\n\t\t\t\t<\/div>\n\t\t\t\t\t<\/details>\n\t\t\t\t\t<\/div>\n\t\t\t\t\t\t<\/div>\n\t\t\t\t<\/div>\n\t\t\t\t<div class=\"elementor-element elementor-element-e1ea72c elementor-widget elementor-widget-text-editor\" data-id=\"e1ea72c\" data-element_type=\"widget\" data-widget_type=\"text-editor.default\">\n\t\t\t\t<div class=\"elementor-widget-container\">\n\t\t\t\t\t\t\t\t\t<p>Hotel Gal\u00e9, no Centro do Rio de Janeiro, RJ, 2018.<\/p>\t\t\t\t\t\t\t\t<\/div>\n\t\t\t\t<\/div>\n\t\t\t\t\t<\/div>\n\t\t\t\t<\/div>\n\t\t<div class=\"elementor-element elementor-element-5286dbb e-flex e-con-boxed e-con e-parent\" data-id=\"5286dbb\" data-element_type=\"container\">\n\t\t\t\t\t<div class=\"e-con-inner\">\n\t\t\t\t<div class=\"elementor-element elementor-element-00efad1 gallery-spacing-custom elementor-widget elementor-widget-image-gallery\" data-id=\"00efad1\" data-element_type=\"widget\" data-widget_type=\"image-gallery.default\">\n\t\t\t\t<div class=\"elementor-widget-container\">\n\t\t\t\t\t\t\t<div class=\"elementor-image-gallery\">\n\t\t\t<div id='gallery-1' class='gallery galleryid-720 gallery-columns-3 gallery-size-medium'><figure class='gallery-item'>\n\t\t\t<div class='gallery-icon landscape'>\n\t\t\t\t<a data-elementor-open-lightbox=\"yes\" data-elementor-lightbox-slideshow=\"00efad1\" data-elementor-lightbox-title=\"Reforma e recupera\u00e7\u00e3o da fachada do  Hotel Vila Gal\u00e9 no Centro do Rio de Janeiro\" data-elementor-lightbox-description=\"Reforma e recupera\u00e7\u00e3o da fachada do  Hotel Vila Gal\u00e9 no Centro do Rio de Janeiro\" data-e-action-hash=\"#elementor-action%3Aaction%3Dlightbox%26settings%3DeyJpZCI6OTYxLCJ1cmwiOiJodHRwczpcL1wvamRuZW5nZW5oYXJpYS5jb20uYnJcL3JlZm9ybWFzXC93cC1jb250ZW50XC91cGxvYWRzXC8yMDI0XC8xMFwvaG90ZWxfZ2FsZTAwLmpwZyIsInNsaWRlc2hvdyI6IjAwZWZhZDEifQ%3D%3D\" href='https:\/\/jdnengenharia.com.br\/reformas\/wp-content\/uploads\/2024\/10\/hotel_gale00.jpg'><img fetchpriority=\"high\" decoding=\"async\" width=\"300\" height=\"282\" src=\"https:\/\/jdnengenharia.com.br\/reformas\/wp-content\/uploads\/2024\/10\/hotel_gale00-300x282.jpg\" class=\"attachment-medium size-medium\" alt=\"Reforma e recupera\u00e7\u00e3o da fachada do Hotel Vila Gal\u00e9 no Centro do Rio de Janeiro\" aria-describedby=\"gallery-1-961\" srcset=\"https:\/\/jdnengenharia.com.br\/reformas\/wp-content\/uploads\/2024\/10\/hotel_gale00-300x282.jpg 300w, https:\/\/jdnengenharia.com.br\/reformas\/wp-content\/uploads\/2024\/10\/hotel_gale00.jpg 720w\" sizes=\"(max-width: 300px) 100vw, 300px\" \/><\/a>\n\t\t\t<\/div>\n\t\t\t\t<figcaption class='wp-caption-text gallery-caption' id='gallery-1-961'>\n\t\t\t\tReforma e recupera\u00e7\u00e3o da fachada do  Hotel Vila Gal\u00e9 no Centro do Rio de Janeiro\n\t\t\t\t<\/figcaption><\/figure><figure class='gallery-item'>\n\t\t\t<div class='gallery-icon landscape'>\n\t\t\t\t<a data-elementor-open-lightbox=\"yes\" data-elementor-lightbox-slideshow=\"00efad1\" data-elementor-lightbox-title=\"Reforma e recupera\u00e7\u00e3o da fachada do  Hotel Vila Gal\u00e9 no Centro do Rio de Janeiro\" data-elementor-lightbox-description=\"Reforma e recupera\u00e7\u00e3o da fachada do  Hotel Vila Gal\u00e9 no Centro do Rio de Janeiro\" data-e-action-hash=\"#elementor-action%3Aaction%3Dlightbox%26settings%3DeyJpZCI6OTYyLCJ1cmwiOiJodHRwczpcL1wvamRuZW5nZW5oYXJpYS5jb20uYnJcL3JlZm9ybWFzXC93cC1jb250ZW50XC91cGxvYWRzXC8yMDI0XC8xMFwvaG90ZWxfZ2FsZTAxLmpwZyIsInNsaWRlc2hvdyI6IjAwZWZhZDEifQ%3D%3D\" href='https:\/\/jdnengenharia.com.br\/reformas\/wp-content\/uploads\/2024\/10\/hotel_gale01.jpg'><img decoding=\"async\" width=\"300\" height=\"282\" src=\"https:\/\/jdnengenharia.com.br\/reformas\/wp-content\/uploads\/2024\/10\/hotel_gale01-300x282.jpg\" class=\"attachment-medium size-medium\" alt=\"Reforma e recupera\u00e7\u00e3o da fachada do Hotel Vila Gal\u00e9 no Centro do Rio de Janeiro\" aria-describedby=\"gallery-1-962\" srcset=\"https:\/\/jdnengenharia.com.br\/reformas\/wp-content\/uploads\/2024\/10\/hotel_gale01-300x282.jpg 300w, https:\/\/jdnengenharia.com.br\/reformas\/wp-content\/uploads\/2024\/10\/hotel_gale01.jpg 720w\" sizes=\"(max-width: 300px) 100vw, 300px\" \/><\/a>\n\t\t\t<\/div>\n\t\t\t\t<figcaption class='wp-caption-text gallery-caption' id='gallery-1-962'>\n\t\t\t\tReforma e recupera\u00e7\u00e3o da fachada do  Hotel Vila Gal\u00e9 no Centro do Rio de Janeiro\n\t\t\t\t<\/figcaption><\/figure><figure class='gallery-item'>\n\t\t\t<div class='gallery-icon landscape'>\n\t\t\t\t<a data-elementor-open-lightbox=\"yes\" data-elementor-lightbox-slideshow=\"00efad1\" data-elementor-lightbox-title=\"Reforma e recupera\u00e7\u00e3o da fachada do  Hotel Vila Gal\u00e9 no Centro do Rio de Janeiro\" data-elementor-lightbox-description=\"Reforma e recupera\u00e7\u00e3o da fachada do  Hotel Vila Gal\u00e9 no Centro do Rio de Janeiro\" data-e-action-hash=\"#elementor-action%3Aaction%3Dlightbox%26settings%3DeyJpZCI6OTYzLCJ1cmwiOiJodHRwczpcL1wvamRuZW5nZW5oYXJpYS5jb20uYnJcL3JlZm9ybWFzXC93cC1jb250ZW50XC91cGxvYWRzXC8yMDI0XC8xMFwvaG90ZWxfZ2FsZTAyLmpwZyIsInNsaWRlc2hvdyI6IjAwZWZhZDEifQ%3D%3D\" href='https:\/\/jdnengenharia.com.br\/reformas\/wp-content\/uploads\/2024\/10\/hotel_gale02.jpg'><img decoding=\"async\" width=\"300\" height=\"282\" src=\"https:\/\/jdnengenharia.com.br\/reformas\/wp-content\/uploads\/2024\/10\/hotel_gale02-300x282.jpg\" class=\"attachment-medium size-medium\" alt=\"Reforma e recupera\u00e7\u00e3o da fachada do Hotel Vila Gal\u00e9 no Centro do Rio de Janeiro\" aria-describedby=\"gallery-1-963\" srcset=\"https:\/\/jdnengenharia.com.br\/reformas\/wp-content\/uploads\/2024\/10\/hotel_gale02-300x282.jpg 300w, https:\/\/jdnengenharia.com.br\/reformas\/wp-content\/uploads\/2024\/10\/hotel_gale02.jpg 720w\" sizes=\"(max-width: 300px) 100vw, 300px\" \/><\/a>\n\t\t\t<\/div>\n\t\t\t\t<figcaption class='wp-caption-text gallery-caption' id='gallery-1-963'>\n\t\t\t\tReforma e recupera\u00e7\u00e3o da fachada do  Hotel Vila Gal\u00e9 no Centro do Rio de Janeiro\n\t\t\t\t<\/figcaption><\/figure><figure class='gallery-item'>\n\t\t\t<div class='gallery-icon landscape'>\n\t\t\t\t<a data-elementor-open-lightbox=\"yes\" data-elementor-lightbox-slideshow=\"00efad1\" data-elementor-lightbox-title=\"Reforma e recupera\u00e7\u00e3o da fachada do  Hotel Vila Gal\u00e9 no Centro do Rio de Janeiro\" data-elementor-lightbox-description=\"Reforma e recupera\u00e7\u00e3o da fachada do  Hotel Vila Gal\u00e9 no Centro do Rio de Janeiro\n\" data-e-action-hash=\"#elementor-action%3Aaction%3Dlightbox%26settings%3DeyJpZCI6OTY0LCJ1cmwiOiJodHRwczpcL1wvamRuZW5nZW5oYXJpYS5jb20uYnJcL3JlZm9ybWFzXC93cC1jb250ZW50XC91cGxvYWRzXC8yMDI0XC8xMFwvaG90ZWxfZ2FsZTAzLmpwZyIsInNsaWRlc2hvdyI6IjAwZWZhZDEifQ%3D%3D\" href='https:\/\/jdnengenharia.com.br\/reformas\/wp-content\/uploads\/2024\/10\/hotel_gale03.jpg'><img loading=\"lazy\" decoding=\"async\" width=\"300\" height=\"282\" src=\"https:\/\/jdnengenharia.com.br\/reformas\/wp-content\/uploads\/2024\/10\/hotel_gale03-300x282.jpg\" class=\"attachment-medium size-medium\" alt=\"Reforma e recupera\u00e7\u00e3o da fachada do Hotel Vila Gal\u00e9 no Centro do Rio de Janeiro\" aria-describedby=\"gallery-1-964\" srcset=\"https:\/\/jdnengenharia.com.br\/reformas\/wp-content\/uploads\/2024\/10\/hotel_gale03-300x282.jpg 300w, https:\/\/jdnengenharia.com.br\/reformas\/wp-content\/uploads\/2024\/10\/hotel_gale03.jpg 720w\" sizes=\"(max-width: 300px) 100vw, 300px\" \/><\/a>\n\t\t\t<\/div>\n\t\t\t\t<figcaption class='wp-caption-text gallery-caption' id='gallery-1-964'>\n\t\t\t\tReforma e recupera\u00e7\u00e3o da fachada do  Hotel Vila Gal\u00e9 no Centro do Rio de Janeiro\n\n\t\t\t\t<\/figcaption><\/figure><figure class='gallery-item'>\n\t\t\t<div class='gallery-icon landscape'>\n\t\t\t\t<a data-elementor-open-lightbox=\"yes\" data-elementor-lightbox-slideshow=\"00efad1\" data-elementor-lightbox-title=\"Reforma e recupera\u00e7\u00e3o da fachada do  Hotel Vila Gal\u00e9 no Centro do Rio de Janeiro\" data-elementor-lightbox-description=\"Reforma e recupera\u00e7\u00e3o da fachada do  Hotel Vila Gal\u00e9 no Centro do Rio de Janeiro\" data-e-action-hash=\"#elementor-action%3Aaction%3Dlightbox%26settings%3DeyJpZCI6OTY1LCJ1cmwiOiJodHRwczpcL1wvamRuZW5nZW5oYXJpYS5jb20uYnJcL3JlZm9ybWFzXC93cC1jb250ZW50XC91cGxvYWRzXC8yMDI0XC8xMFwvaG90ZWxfZ2FsZTA0LmpwZyIsInNsaWRlc2hvdyI6IjAwZWZhZDEifQ%3D%3D\" href='https:\/\/jdnengenharia.com.br\/reformas\/wp-content\/uploads\/2024\/10\/hotel_gale04.jpg'><img loading=\"lazy\" decoding=\"async\" width=\"300\" height=\"282\" src=\"https:\/\/jdnengenharia.com.br\/reformas\/wp-content\/uploads\/2024\/10\/hotel_gale04-300x282.jpg\" class=\"attachment-medium size-medium\" alt=\"Reforma e recupera\u00e7\u00e3o da fachada do Hotel Vila Gal\u00e9 no Centro do Rio de Janeiro\" aria-describedby=\"gallery-1-965\" srcset=\"https:\/\/jdnengenharia.com.br\/reformas\/wp-content\/uploads\/2024\/10\/hotel_gale04-300x282.jpg 300w, https:\/\/jdnengenharia.com.br\/reformas\/wp-content\/uploads\/2024\/10\/hotel_gale04.jpg 720w\" sizes=\"(max-width: 300px) 100vw, 300px\" \/><\/a>\n\t\t\t<\/div>\n\t\t\t\t<figcaption class='wp-caption-text gallery-caption' id='gallery-1-965'>\n\t\t\t\tReforma e recupera\u00e7\u00e3o da fachada do  Hotel Vila Gal\u00e9 no Centro do Rio de Janeiro\n\t\t\t\t<\/figcaption><\/figure><figure class='gallery-item'>\n\t\t\t<div class='gallery-icon landscape'>\n\t\t\t\t<a data-elementor-open-lightbox=\"yes\" data-elementor-lightbox-slideshow=\"00efad1\" data-elementor-lightbox-title=\"Reforma e recupera\u00e7\u00e3o da fachada do  Hotel Vila Gal\u00e9 no Centro do Rio de Janeiro\" data-elementor-lightbox-description=\"Reforma e recupera\u00e7\u00e3o da fachada do  Hotel Vila Gal\u00e9 no Centro do Rio de Janeiro\" data-e-action-hash=\"#elementor-action%3Aaction%3Dlightbox%26settings%3DeyJpZCI6OTY2LCJ1cmwiOiJodHRwczpcL1wvamRuZW5nZW5oYXJpYS5jb20uYnJcL3JlZm9ybWFzXC93cC1jb250ZW50XC91cGxvYWRzXC8yMDI0XC8xMFwvaG90ZWxfZ2FsZTA1LmpwZyIsInNsaWRlc2hvdyI6IjAwZWZhZDEifQ%3D%3D\" href='https:\/\/jdnengenharia.com.br\/reformas\/wp-content\/uploads\/2024\/10\/hotel_gale05.jpg'><img loading=\"lazy\" decoding=\"async\" width=\"300\" height=\"282\" src=\"https:\/\/jdnengenharia.com.br\/reformas\/wp-content\/uploads\/2024\/10\/hotel_gale05-300x282.jpg\" class=\"attachment-medium size-medium\" alt=\"Reforma e recupera\u00e7\u00e3o da fachada do Hotel Vila Gal\u00e9 no Centro do Rio de Janeiro\" aria-describedby=\"gallery-1-966\" srcset=\"https:\/\/jdnengenharia.com.br\/reformas\/wp-content\/uploads\/2024\/10\/hotel_gale05-300x282.jpg 300w, https:\/\/jdnengenharia.com.br\/reformas\/wp-content\/uploads\/2024\/10\/hotel_gale05.jpg 720w\" sizes=\"(max-width: 300px) 100vw, 300px\" \/><\/a>\n\t\t\t<\/div>\n\t\t\t\t<figcaption class='wp-caption-text gallery-caption' id='gallery-1-966'>\n\t\t\t\tReforma e recupera\u00e7\u00e3o da fachada do  Hotel Vila Gal\u00e9 no Centro do Rio de Janeiro\n\t\t\t\t<\/figcaption><\/figure><figure class='gallery-item'>\n\t\t\t<div class='gallery-icon landscape'>\n\t\t\t\t<a data-elementor-open-lightbox=\"yes\" data-elementor-lightbox-slideshow=\"00efad1\" data-elementor-lightbox-title=\"Reforma e recupera\u00e7\u00e3o da fachada do  Hotel Vila Gal\u00e9 no Centro do Rio de Janeiro\" data-elementor-lightbox-description=\"Reforma e recupera\u00e7\u00e3o da fachada do  Hotel Vila Gal\u00e9 no Centro do Rio de Janeiro\n\" data-e-action-hash=\"#elementor-action%3Aaction%3Dlightbox%26settings%3DeyJpZCI6OTY3LCJ1cmwiOiJodHRwczpcL1wvamRuZW5nZW5oYXJpYS5jb20uYnJcL3JlZm9ybWFzXC93cC1jb250ZW50XC91cGxvYWRzXC8yMDI0XC8xMFwvaG90ZWxfZ2FsZTA2LmpwZyIsInNsaWRlc2hvdyI6IjAwZWZhZDEifQ%3D%3D\" href='https:\/\/jdnengenharia.com.br\/reformas\/wp-content\/uploads\/2024\/10\/hotel_gale06.jpg'><img loading=\"lazy\" decoding=\"async\" width=\"300\" height=\"282\" src=\"https:\/\/jdnengenharia.com.br\/reformas\/wp-content\/uploads\/2024\/10\/hotel_gale06-300x282.jpg\" class=\"attachment-medium size-medium\" alt=\"Reforma e recupera\u00e7\u00e3o da fachada do Hotel Vila Gal\u00e9 no Centro do Rio de Janeiro\" aria-describedby=\"gallery-1-967\" srcset=\"https:\/\/jdnengenharia.com.br\/reformas\/wp-content\/uploads\/2024\/10\/hotel_gale06-300x282.jpg 300w, https:\/\/jdnengenharia.com.br\/reformas\/wp-content\/uploads\/2024\/10\/hotel_gale06.jpg 720w\" sizes=\"(max-width: 300px) 100vw, 300px\" \/><\/a>\n\t\t\t<\/div>\n\t\t\t\t<figcaption class='wp-caption-text gallery-caption' id='gallery-1-967'>\n\t\t\t\tReforma e recupera\u00e7\u00e3o da fachada do  Hotel Vila Gal\u00e9 no Centro do Rio de Janeiro\n\t\t\t\t<\/figcaption><\/figure>\n\t\t<\/div>\n\t\t<\/div>\n\t\t\t\t\t\t<\/div>\n\t\t\t\t<\/div>\n\t\t\t\t\t<\/div>\n\t\t\t\t<\/div>\n\t\t\t\t<\/div>\n\t\t","protected":false},"excerpt":{"rendered":"<p>Projeto Hotel Gal\u00e9 Centro Rio Servi\u00e7os executados Recupera\u00e7\u00e3o, reforma e pintura de fachada. Local e data da execu\u00e7\u00e3o da obra Recupera\u00e7\u00e3o, reforma e pintura de fachada. Hotel Gal\u00e9, no Centro do Rio de Janeiro, RJ, 2018. Reforma e recupera\u00e7\u00e3o da fachada casar\u00e3o colonial, sede do Hotel Vila Gal\u00e9 no Centro do Rio Reforma e recupera\u00e7\u00e3o [&hellip;]<\/p>\n","protected":false},"author":1,"featured_media":0,"parent":591,"menu_order":0,"comment_status":"closed","ping_status":"closed","template":"","meta":{"footnotes":""},"class_list":["post-720","page","type-page","status-publish","hentry"],"_links":{"self":[{"href":"https:\/\/jdnengenharia.com.br\/reformas\/wp-json\/wp\/v2\/pages\/720","targetHints":{"allow":["GET"]}}],"collection":[{"href":"https:\/\/jdnengenharia.com.br\/reformas\/wp-json\/wp\/v2\/pages"}],"about":[{"href":"https:\/\/jdnengenharia.com.br\/reformas\/wp-json\/wp\/v2\/types\/page"}],"author":[{"embeddable":true,"href":"https:\/\/jdnengenharia.com.br\/reformas\/wp-json\/wp\/v2\/users\/1"}],"replies":[{"embeddable":true,"href":"https:\/\/jdnengenharia.com.br\/reformas\/wp-json\/wp\/v2\/comments?post=720"}],"version-history":[{"count":7,"href":"https:\/\/jdnengenharia.com.br\/reformas\/wp-json\/wp\/v2\/pages\/720\/revisions"}],"predecessor-version":[{"id":974,"href":"https:\/\/jdnengenharia.com.br\/reformas\/wp-json\/wp\/v2\/pages\/720\/revisions\/974"}],"up":[{"embeddable":true,"href":"https:\/\/jdnengenharia.com.br\/reformas\/wp-json\/wp\/v2\/pages\/591"}],"wp:attachment":[{"href":"https:\/\/jdnengenharia.com.br\/reformas\/wp-json\/wp\/v2\/media?parent=720"}],"curies":[{"name":"wp","href":"https:\/\/api.w.org\/{rel}","templated":true}]}}