{"id":722,"date":"2024-10-02T21:32:09","date_gmt":"2024-10-03T00:32:09","guid":{"rendered":"https:\/\/jdnengenharia.com.br\/reformas\/?page_id=722"},"modified":"2024-10-04T12:52:59","modified_gmt":"2024-10-04T15:52:59","slug":"condominio-negresco","status":"publish","type":"page","link":"https:\/\/jdnengenharia.com.br\/reformas\/projetos\/condominio-negresco\/","title":{"rendered":"Condom\u00ednio Negresco"},"content":{"rendered":"\t\t<div data-elementor-type=\"wp-page\" data-elementor-id=\"722\" class=\"elementor elementor-722\">\n\t\t\t\t<div class=\"elementor-element elementor-element-4cc6280 e-flex e-con-boxed e-con e-parent\" data-id=\"4cc6280\" data-element_type=\"container\">\n\t\t\t\t\t<div class=\"e-con-inner\">\n\t\t\t\t<div class=\"elementor-element elementor-element-d0b5d7e elementor-widget elementor-widget-n-accordion\" data-id=\"d0b5d7e\" data-element_type=\"widget\" data-settings=\"{&quot;default_state&quot;:&quot;expanded&quot;,&quot;max_items_expended&quot;:&quot;one&quot;,&quot;n_accordion_animation_duration&quot;:{&quot;unit&quot;:&quot;ms&quot;,&quot;size&quot;:400,&quot;sizes&quot;:[]}}\" data-widget_type=\"nested-accordion.default\">\n\t\t\t\t<div class=\"elementor-widget-container\">\n\t\t\t\t\t\t\t<div class=\"e-n-accordion\" aria-label=\"Accordion. Open links with Enter or Space, close with Escape, and navigate with Arrow Keys\">\n\t\t\t\t\t\t<details id=\"e-n-accordion-item-2180\" class=\"e-n-accordion-item\" open>\n\t\t\t\t<summary class=\"e-n-accordion-item-title\" data-accordion-index=\"1\" tabindex=\"0\" aria-expanded=\"true\" aria-controls=\"e-n-accordion-item-2180\" >\n\t\t\t\t\t<span class='e-n-accordion-item-title-header'><div class=\"e-n-accordion-item-title-text\"> Servi\u00e7os executados <\/div><\/span>\n\t\t\t\t\t\t\t<span class='e-n-accordion-item-title-icon'>\n\t\t\t<span class='e-opened' ><svg aria-hidden=\"true\" class=\"e-font-icon-svg e-fas-minus\" viewBox=\"0 0 448 512\" xmlns=\"http:\/\/www.w3.org\/2000\/svg\"><path d=\"M416 208H32c-17.67 0-32 14.33-32 32v32c0 17.67 14.33 32 32 32h384c17.67 0 32-14.33 32-32v-32c0-17.67-14.33-32-32-32z\"><\/path><\/svg><\/span>\n\t\t\t<span class='e-closed'><svg aria-hidden=\"true\" class=\"e-font-icon-svg e-fas-plus\" viewBox=\"0 0 448 512\" xmlns=\"http:\/\/www.w3.org\/2000\/svg\"><path d=\"M416 208H272V64c0-17.67-14.33-32-32-32h-32c-17.67 0-32 14.33-32 32v144H32c-17.67 0-32 14.33-32 32v32c0 17.67 14.33 32 32 32h144v144c0 17.67 14.33 32 32 32h32c17.67 0 32-14.33 32-32V304h144c17.67 0 32-14.33 32-32v-32c0-17.67-14.33-32-32-32z\"><\/path><\/svg><\/span>\n\t\t<\/span>\n\n\t\t\t\t\t\t<\/summary>\n\t\t\t\t<div role=\"region\" aria-labelledby=\"e-n-accordion-item-2180\" class=\"elementor-element elementor-element-cb60c4a e-con-full e-flex e-con e-child\" data-id=\"cb60c4a\" data-element_type=\"container\">\n\t\t\t\t<div class=\"elementor-element elementor-element-e0e00a6 elementor-widget elementor-widget-text-editor\" data-id=\"e0e00a6\" data-element_type=\"widget\" data-widget_type=\"text-editor.default\">\n\t\t\t\t<div class=\"elementor-widget-container\">\n\t\t\t\t\t\t\t\t\t<p>Teste de percuss\u00e3o e reforma de\u00a0todas as fachadas e prismas de ventila\u00e7\u00e3o, revestidas em pastilhas e embo\u00e7o.<\/p>\t\t\t\t\t\t\t\t<\/div>\n\t\t\t\t<\/div>\n\t\t\t\t<\/div>\n\t\t\t\t\t<\/details>\n\t\t\t\t\t\t<details id=\"e-n-accordion-item-2181\" class=\"e-n-accordion-item\" >\n\t\t\t\t<summary class=\"e-n-accordion-item-title\" data-accordion-index=\"2\" tabindex=\"-1\" aria-expanded=\"false\" aria-controls=\"e-n-accordion-item-2181\" >\n\t\t\t\t\t<span class='e-n-accordion-item-title-header'><div class=\"e-n-accordion-item-title-text\"> Local e data da execu\u00e7\u00e3o da obra  <\/div><\/span>\n\t\t\t\t\t\t\t<span class='e-n-accordion-item-title-icon'>\n\t\t\t<span class='e-opened' ><svg aria-hidden=\"true\" class=\"e-font-icon-svg e-fas-minus\" viewBox=\"0 0 448 512\" xmlns=\"http:\/\/www.w3.org\/2000\/svg\"><path d=\"M416 208H32c-17.67 0-32 14.33-32 32v32c0 17.67 14.33 32 32 32h384c17.67 0 32-14.33 32-32v-32c0-17.67-14.33-32-32-32z\"><\/path><\/svg><\/span>\n\t\t\t<span class='e-closed'><svg aria-hidden=\"true\" class=\"e-font-icon-svg e-fas-plus\" viewBox=\"0 0 448 512\" xmlns=\"http:\/\/www.w3.org\/2000\/svg\"><path d=\"M416 208H272V64c0-17.67-14.33-32-32-32h-32c-17.67 0-32 14.33-32 32v144H32c-17.67 0-32 14.33-32 32v32c0 17.67 14.33 32 32 32h144v144c0 17.67 14.33 32 32 32h32c17.67 0 32-14.33 32-32V304h144c17.67 0 32-14.33 32-32v-32c0-17.67-14.33-32-32-32z\"><\/path><\/svg><\/span>\n\t\t<\/span>\n\n\t\t\t\t\t\t<\/summary>\n\t\t\t\t<div role=\"region\" aria-labelledby=\"e-n-accordion-item-2181\" class=\"elementor-element elementor-element-2bb0446 e-con-full e-flex e-con e-child\" data-id=\"2bb0446\" data-element_type=\"container\">\n\t\t\t\t<div class=\"elementor-element elementor-element-7d25456 elementor-widget elementor-widget-text-editor\" data-id=\"7d25456\" data-element_type=\"widget\" data-widget_type=\"text-editor.default\">\n\t\t\t\t<div class=\"elementor-widget-container\">\n\t\t\t\t\t\t\t\t\t<p>Catete, Rio de Janeiro, RJ, 2023<\/p>\t\t\t\t\t\t\t\t<\/div>\n\t\t\t\t<\/div>\n\t\t\t\t<\/div>\n\t\t\t\t\t<\/details>\n\t\t\t\t\t<\/div>\n\t\t\t\t\t\t<\/div>\n\t\t\t\t<\/div>\n\t\t\t\t\t<\/div>\n\t\t\t\t<\/div>\n\t\t<div class=\"elementor-element elementor-element-e36d9e4 e-flex e-con-boxed e-con e-parent\" data-id=\"e36d9e4\" data-element_type=\"container\">\n\t\t\t\t\t<div class=\"e-con-inner\">\n\t\t\t\t<div class=\"elementor-element elementor-element-d6ccff1 gallery-spacing-custom elementor-widget elementor-widget-image-gallery\" data-id=\"d6ccff1\" data-element_type=\"widget\" data-widget_type=\"image-gallery.default\">\n\t\t\t\t<div class=\"elementor-widget-container\">\n\t\t\t\t\t\t\t<div class=\"elementor-image-gallery\">\n\t\t\t<div id='gallery-1' class='gallery galleryid-722 gallery-columns-3 gallery-size-medium'><figure class='gallery-item'>\n\t\t\t<div class='gallery-icon landscape'>\n\t\t\t\t<a data-elementor-open-lightbox=\"yes\" data-elementor-lightbox-slideshow=\"d6ccff1\" data-elementor-lightbox-title=\"Projeto Negresco\" data-elementor-lightbox-description=\"Projeto Negresco\" data-e-action-hash=\"#elementor-action%3Aaction%3Dlightbox%26settings%3DeyJpZCI6OTUyLCJ1cmwiOiJodHRwczpcL1wvamRuZW5nZW5oYXJpYS5jb20uYnJcL3JlZm9ybWFzXC93cC1jb250ZW50XC91cGxvYWRzXC8yMDI0XC8xMFwvbmVncmVzY28wMC5qcGciLCJzbGlkZXNob3ciOiJkNmNjZmYxIn0%3D\" href='https:\/\/jdnengenharia.com.br\/reformas\/wp-content\/uploads\/2024\/10\/negresco00.jpg'><img fetchpriority=\"high\" decoding=\"async\" width=\"300\" height=\"225\" src=\"https:\/\/jdnengenharia.com.br\/reformas\/wp-content\/uploads\/2024\/10\/negresco00-300x225.jpg\" class=\"attachment-medium size-medium\" alt=\"Projeto Negresco\" aria-describedby=\"gallery-1-952\" srcset=\"https:\/\/jdnengenharia.com.br\/reformas\/wp-content\/uploads\/2024\/10\/negresco00-300x225.jpg 300w, https:\/\/jdnengenharia.com.br\/reformas\/wp-content\/uploads\/2024\/10\/negresco00-768x576.jpg 768w, https:\/\/jdnengenharia.com.br\/reformas\/wp-content\/uploads\/2024\/10\/negresco00.jpg 1024w\" sizes=\"(max-width: 300px) 100vw, 300px\" \/><\/a>\n\t\t\t<\/div>\n\t\t\t\t<figcaption class='wp-caption-text gallery-caption' id='gallery-1-952'>\n\t\t\t\tProjeto Negresco\n\t\t\t\t<\/figcaption><\/figure><figure class='gallery-item'>\n\t\t\t<div class='gallery-icon landscape'>\n\t\t\t\t<a data-elementor-open-lightbox=\"yes\" data-elementor-lightbox-slideshow=\"d6ccff1\" data-elementor-lightbox-title=\"Projeto Negresco\" data-elementor-lightbox-description=\"Projeto Negresco\" data-e-action-hash=\"#elementor-action%3Aaction%3Dlightbox%26settings%3DeyJpZCI6OTUzLCJ1cmwiOiJodHRwczpcL1wvamRuZW5nZW5oYXJpYS5jb20uYnJcL3JlZm9ybWFzXC93cC1jb250ZW50XC91cGxvYWRzXC8yMDI0XC8xMFwvbmVncmVzY28wMS5qcGciLCJzbGlkZXNob3ciOiJkNmNjZmYxIn0%3D\" href='https:\/\/jdnengenharia.com.br\/reformas\/wp-content\/uploads\/2024\/10\/negresco01.jpg'><img decoding=\"async\" width=\"300\" height=\"225\" src=\"https:\/\/jdnengenharia.com.br\/reformas\/wp-content\/uploads\/2024\/10\/negresco01-300x225.jpg\" class=\"attachment-medium size-medium\" alt=\"Projeto Negresco\" aria-describedby=\"gallery-1-953\" srcset=\"https:\/\/jdnengenharia.com.br\/reformas\/wp-content\/uploads\/2024\/10\/negresco01-300x225.jpg 300w, https:\/\/jdnengenharia.com.br\/reformas\/wp-content\/uploads\/2024\/10\/negresco01-768x576.jpg 768w, https:\/\/jdnengenharia.com.br\/reformas\/wp-content\/uploads\/2024\/10\/negresco01.jpg 1024w\" sizes=\"(max-width: 300px) 100vw, 300px\" \/><\/a>\n\t\t\t<\/div>\n\t\t\t\t<figcaption class='wp-caption-text gallery-caption' id='gallery-1-953'>\n\t\t\t\tProjeto Negresco\n\t\t\t\t<\/figcaption><\/figure><figure class='gallery-item'>\n\t\t\t<div class='gallery-icon portrait'>\n\t\t\t\t<a data-elementor-open-lightbox=\"yes\" data-elementor-lightbox-slideshow=\"d6ccff1\" data-elementor-lightbox-title=\"Projeto Negresco\" data-elementor-lightbox-description=\"Projeto Negresco\" data-e-action-hash=\"#elementor-action%3Aaction%3Dlightbox%26settings%3DeyJpZCI6OTU0LCJ1cmwiOiJodHRwczpcL1wvamRuZW5nZW5oYXJpYS5jb20uYnJcL3JlZm9ybWFzXC93cC1jb250ZW50XC91cGxvYWRzXC8yMDI0XC8xMFwvbmVncmVzY28wMi5qcGciLCJzbGlkZXNob3ciOiJkNmNjZmYxIn0%3D\" href='https:\/\/jdnengenharia.com.br\/reformas\/wp-content\/uploads\/2024\/10\/negresco02.jpg'><img decoding=\"async\" width=\"225\" height=\"300\" src=\"https:\/\/jdnengenharia.com.br\/reformas\/wp-content\/uploads\/2024\/10\/negresco02-225x300.jpg\" class=\"attachment-medium size-medium\" alt=\"Projeto Negresco\" aria-describedby=\"gallery-1-954\" srcset=\"https:\/\/jdnengenharia.com.br\/reformas\/wp-content\/uploads\/2024\/10\/negresco02-225x300.jpg 225w, https:\/\/jdnengenharia.com.br\/reformas\/wp-content\/uploads\/2024\/10\/negresco02.jpg 768w\" sizes=\"(max-width: 225px) 100vw, 225px\" \/><\/a>\n\t\t\t<\/div>\n\t\t\t\t<figcaption class='wp-caption-text gallery-caption' id='gallery-1-954'>\n\t\t\t\tProjeto Negresco\n\t\t\t\t<\/figcaption><\/figure><figure class='gallery-item'>\n\t\t\t<div class='gallery-icon landscape'>\n\t\t\t\t<a data-elementor-open-lightbox=\"yes\" data-elementor-lightbox-slideshow=\"d6ccff1\" data-elementor-lightbox-title=\"Projeto Negresco\" data-elementor-lightbox-description=\"Projeto Negresco\" data-e-action-hash=\"#elementor-action%3Aaction%3Dlightbox%26settings%3DeyJpZCI6OTU1LCJ1cmwiOiJodHRwczpcL1wvamRuZW5nZW5oYXJpYS5jb20uYnJcL3JlZm9ybWFzXC93cC1jb250ZW50XC91cGxvYWRzXC8yMDI0XC8xMFwvbmVncmVzY28wMy5qcGciLCJzbGlkZXNob3ciOiJkNmNjZmYxIn0%3D\" href='https:\/\/jdnengenharia.com.br\/reformas\/wp-content\/uploads\/2024\/10\/negresco03.jpg'><img loading=\"lazy\" decoding=\"async\" width=\"300\" height=\"225\" src=\"https:\/\/jdnengenharia.com.br\/reformas\/wp-content\/uploads\/2024\/10\/negresco03-300x225.jpg\" class=\"attachment-medium size-medium\" alt=\"Projeto Negresco\" aria-describedby=\"gallery-1-955\" srcset=\"https:\/\/jdnengenharia.com.br\/reformas\/wp-content\/uploads\/2024\/10\/negresco03-300x225.jpg 300w, https:\/\/jdnengenharia.com.br\/reformas\/wp-content\/uploads\/2024\/10\/negresco03-768x576.jpg 768w, https:\/\/jdnengenharia.com.br\/reformas\/wp-content\/uploads\/2024\/10\/negresco03.jpg 1024w\" sizes=\"(max-width: 300px) 100vw, 300px\" \/><\/a>\n\t\t\t<\/div>\n\t\t\t\t<figcaption class='wp-caption-text gallery-caption' id='gallery-1-955'>\n\t\t\t\tProjeto Negresco\n\t\t\t\t<\/figcaption><\/figure><figure class='gallery-item'>\n\t\t\t<div class='gallery-icon portrait'>\n\t\t\t\t<a data-elementor-open-lightbox=\"yes\" data-elementor-lightbox-slideshow=\"d6ccff1\" data-elementor-lightbox-title=\"Projeto Negresco\" data-elementor-lightbox-description=\"Projeto Negresco\" data-e-action-hash=\"#elementor-action%3Aaction%3Dlightbox%26settings%3DeyJpZCI6OTU2LCJ1cmwiOiJodHRwczpcL1wvamRuZW5nZW5oYXJpYS5jb20uYnJcL3JlZm9ybWFzXC93cC1jb250ZW50XC91cGxvYWRzXC8yMDI0XC8xMFwvbmVncmVzY28wNC5qcGciLCJzbGlkZXNob3ciOiJkNmNjZmYxIn0%3D\" href='https:\/\/jdnengenharia.com.br\/reformas\/wp-content\/uploads\/2024\/10\/negresco04.jpg'><img loading=\"lazy\" decoding=\"async\" width=\"225\" height=\"300\" src=\"https:\/\/jdnengenharia.com.br\/reformas\/wp-content\/uploads\/2024\/10\/negresco04-225x300.jpg\" class=\"attachment-medium size-medium\" alt=\"Projeto Negresco\" aria-describedby=\"gallery-1-956\" srcset=\"https:\/\/jdnengenharia.com.br\/reformas\/wp-content\/uploads\/2024\/10\/negresco04-225x300.jpg 225w, https:\/\/jdnengenharia.com.br\/reformas\/wp-content\/uploads\/2024\/10\/negresco04.jpg 768w\" sizes=\"(max-width: 225px) 100vw, 225px\" \/><\/a>\n\t\t\t<\/div>\n\t\t\t\t<figcaption class='wp-caption-text gallery-caption' id='gallery-1-956'>\n\t\t\t\tProjeto Negresco\n\t\t\t\t<\/figcaption><\/figure><figure class='gallery-item'>\n\t\t\t<div class='gallery-icon portrait'>\n\t\t\t\t<a data-elementor-open-lightbox=\"yes\" data-elementor-lightbox-slideshow=\"d6ccff1\" data-elementor-lightbox-title=\"Projeto Negresco\" data-elementor-lightbox-description=\"Projeto Negresco\" data-e-action-hash=\"#elementor-action%3Aaction%3Dlightbox%26settings%3DeyJpZCI6OTU3LCJ1cmwiOiJodHRwczpcL1wvamRuZW5nZW5oYXJpYS5jb20uYnJcL3JlZm9ybWFzXC93cC1jb250ZW50XC91cGxvYWRzXC8yMDI0XC8xMFwvbmVncmVzY28wNS5qcGciLCJzbGlkZXNob3ciOiJkNmNjZmYxIn0%3D\" href='https:\/\/jdnengenharia.com.br\/reformas\/wp-content\/uploads\/2024\/10\/negresco05.jpg'><img loading=\"lazy\" decoding=\"async\" width=\"225\" height=\"300\" src=\"https:\/\/jdnengenharia.com.br\/reformas\/wp-content\/uploads\/2024\/10\/negresco05-225x300.jpg\" class=\"attachment-medium size-medium\" alt=\"Projeto Negresco\" aria-describedby=\"gallery-1-957\" srcset=\"https:\/\/jdnengenharia.com.br\/reformas\/wp-content\/uploads\/2024\/10\/negresco05-225x300.jpg 225w, https:\/\/jdnengenharia.com.br\/reformas\/wp-content\/uploads\/2024\/10\/negresco05.jpg 768w\" sizes=\"(max-width: 225px) 100vw, 225px\" \/><\/a>\n\t\t\t<\/div>\n\t\t\t\t<figcaption class='wp-caption-text gallery-caption' id='gallery-1-957'>\n\t\t\t\tProjeto Negresco\n\t\t\t\t<\/figcaption><\/figure>\n\t\t<\/div>\n\t\t<\/div>\n\t\t\t\t\t\t<\/div>\n\t\t\t\t<\/div>\n\t\t\t\t\t<\/div>\n\t\t\t\t<\/div>\n\t\t\t\t<\/div>\n\t\t","protected":false},"excerpt":{"rendered":"<p>Servi\u00e7os executados Teste de percuss\u00e3o e reforma de\u00a0todas as fachadas e prismas de ventila\u00e7\u00e3o, revestidas em pastilhas e embo\u00e7o. Local e data da execu\u00e7\u00e3o da obra Catete, Rio de Janeiro, RJ, 2023 Teste de percuss\u00e3o e reforma de\u00a0todas as fachadas e prismas de ventila\u00e7\u00e3o, revestidas em pastilhas e embo\u00e7o. Catete, Rio de Janeiro, RJ, 2023 [&hellip;]<\/p>\n","protected":false},"author":1,"featured_media":0,"parent":591,"menu_order":0,"comment_status":"closed","ping_status":"closed","template":"","meta":{"footnotes":""},"class_list":["post-722","page","type-page","status-publish","hentry"],"_links":{"self":[{"href":"https:\/\/jdnengenharia.com.br\/reformas\/wp-json\/wp\/v2\/pages\/722","targetHints":{"allow":["GET"]}}],"collection":[{"href":"https:\/\/jdnengenharia.com.br\/reformas\/wp-json\/wp\/v2\/pages"}],"about":[{"href":"https:\/\/jdnengenharia.com.br\/reformas\/wp-json\/wp\/v2\/types\/page"}],"author":[{"embeddable":true,"href":"https:\/\/jdnengenharia.com.br\/reformas\/wp-json\/wp\/v2\/users\/1"}],"replies":[{"embeddable":true,"href":"https:\/\/jdnengenharia.com.br\/reformas\/wp-json\/wp\/v2\/comments?post=722"}],"version-history":[{"count":4,"href":"https:\/\/jdnengenharia.com.br\/reformas\/wp-json\/wp\/v2\/pages\/722\/revisions"}],"predecessor-version":[{"id":960,"href":"https:\/\/jdnengenharia.com.br\/reformas\/wp-json\/wp\/v2\/pages\/722\/revisions\/960"}],"up":[{"embeddable":true,"href":"https:\/\/jdnengenharia.com.br\/reformas\/wp-json\/wp\/v2\/pages\/591"}],"wp:attachment":[{"href":"https:\/\/jdnengenharia.com.br\/reformas\/wp-json\/wp\/v2\/media?parent=722"}],"curies":[{"name":"wp","href":"https:\/\/api.w.org\/{rel}","templated":true}]}}